{"id":814,"date":"2013-08-07T03:55:50","date_gmt":"2013-08-06T19:55:50","guid":{"rendered":"http:\/\/vynz100photo.fr\/blog\/?page_id=814"},"modified":"2014-06-08T00:06:44","modified_gmt":"2014-06-07T16:06:44","slug":"objectifs","status":"publish","type":"page","link":"https:\/\/vynz100photo.fr\/blog\/photographie\/test-de-materiel\/objectifs\/","title":{"rendered":"Objectifs"},"content":{"rendered":"<p>Quelques retours d&rsquo;objectifs que j&rsquo;ai poss\u00e9d\u00e9s ou test\u00e9s&#8230;<\/p>\n<p>Au menu, des <a title=\"Les objectifs, \u00e0 ne pas n\u00e9gliger!\" href=\"https:\/\/vynz100photo.fr\/blog\/photographie\/quelques-conseils-photo\/les-objectifs-a-ne-pas-negliger\/\">focales fixes<\/a>, qui peuvent aller tout aussi bien <a title=\"Un r\u00e9flex, mais lequel?\" href=\"https:\/\/vynz100photo.fr\/blog\/photographie\/quelques-conseils-photo\/un-reflex-mais-lequel\/\">sur un r\u00e9flex Canon APS-C qu&rsquo;un 24&#215;36<\/a>:<\/p>\n<p>&#8211; Canon EF 28 mm f\/2,8,<\/p>\n<p>&#8211; <a title=\"Canon EF 35mm f\/2\" href=\"https:\/\/vynz100photo.fr\/blog\/photographie\/test-de-materiel\/objectifs\/canon-ef-35mm-f2\/\">Canon\u00a0EF 35mm f\/2<\/a>,<\/p>\n<p>&#8211; <a title=\"Canon EF 40mm f\/2,8\" href=\"https:\/\/vynz100photo.fr\/blog\/photographie\/test-de-materiel\/objectifs\/canon-ef-40mm-f28\/\">Canon EF 40mm f\/2,8<\/a>,<\/p>\n<p>&#8211; <a title=\"Canon EF 50mm f\/1,8\" href=\"https:\/\/vynz100photo.fr\/blog\/photographie\/test-de-materiel\/objectifs\/canon-ef-50mm-f18\/\">Canon\u00a0EF 50mm f\/1,8<\/a>,<\/p>\n<p>&#8211; <a title=\"Canon EF 85mm f\/1,8 USM\" href=\"https:\/\/vynz100photo.fr\/blog\/photographie\/test-de-materiel\/objectifs\/canon-ef-85mm-f18-usm\/\">Canon\u00a0EF 85mm f\/1,8 USM<\/a>,<\/p>\n<p>&#8211; <a title=\"Canon EF 135mm f\/2 L USM\" href=\"https:\/\/vynz100photo.fr\/blog\/photographie\/test-de-materiel\/objectifs\/canon-ef-135mm-f2-l-usm\/\">Canon\u00a0EF 135mm f\/2 L USM<\/a>,<\/p>\n<p>&#8211; <a title=\"ZEISS Distagon T* 21mm f\/2,8 ZE\" href=\"https:\/\/vynz100photo.fr\/blog\/photographie\/test-de-materiel\/objectifs\/zeiss-distagon-t-21mm-f28-ze\/\">Zeiss Distagon 21mm f\/2,8<\/a>,<\/p>\n<p>&#8211; <a title=\"ZEISS Distagon T* 35mm f\/2 ZE\" href=\"https:\/\/vynz100photo.fr\/blog\/photographie\/test-de-materiel\/objectifs\/zeiss-distagon-t-35mm-f2-ze\/\">Zeiss Distagon 35mm f\/2<\/a>,<\/p>\n<p>&#8211; Zeiss Planar 50mm f\/1,4,<\/p>\n<p>&#8211; <a title=\"ZEISS Makro-Planar T* 50mm f2 ZE\" href=\"https:\/\/vynz100photo.fr\/blog\/photographie\/test-de-materiel\/objectifs\/zeiss-makro-planar-t-50mm-f2-ze\/\">Zeiss MakroPlanar 50mm f\/2<\/a>.<\/p>\n<p>&nbsp;<\/p>\n<p>Des zooms, qui pour ceux qui suivent ne sont d\u00e9di\u00e9s qu&rsquo;aux petits capteurs APS-C:<\/p>\n<p>&#8211; EF-S 18-55mm IS,<\/p>\n<p>&#8211; EF-S 18-135mm IS,<\/p>\n<p>&#8211; EF-S 55-250mm IS.<\/p>\n<p>&nbsp;<\/p>\n<p>Ensuite, quelques optiques d\u00e9di\u00e9es au petit Sony Nex5N (monture E):<\/p>\n<p>&#8211; Sony E 18-55mm,<\/p>\n<p>&#8211; Sony E 16mm f\/2,8,<\/p>\n<p>&#8211; Sigma E 19mm f\/2,8,<\/p>\n<p>&#8211; Sigma E 30mm f\/2,8.<\/p>\n<p>&nbsp;<\/p>\n<p>Enfin, un retour sur de vieilles optiques \u00ab\u00a0argentiques\u00a0\u00bb r\u00e9adapt\u00e9es sur les bo\u00eetiers num\u00e9riques:<\/p>\n<p>&#8211; Zeiss Flektogon 35mm f\/2,4,<\/p>\n<p>&#8211; <a title=\"Industar 50-2 50mm f\/3,5 (M42)\" href=\"https:\/\/vynz100photo.fr\/blog\/photographie\/test-de-materiel\/objectifs\/industar-50-2-50mm-f35-m42\/\">Industar 50-2 50mm f\/3,5<\/a>,<\/p>\n<p>&#8211; Helios 44-2 58mm f\/2,<\/p>\n<p>&#8211; Helios 135mm f\/2,8.<\/p>\n<p>&nbsp;<\/p>\n","protected":false},"excerpt":{"rendered":"<p>Quelques retours d&rsquo;objectifs que j&rsquo;ai poss\u00e9d\u00e9s ou test\u00e9s&#8230; Au menu, des focales fixes, qui peuvent aller tout aussi bien sur un r\u00e9flex Canon APS-C qu&rsquo;un 24&#215;36: &#8211; Canon EF 28 mm f\/2,8, &#8211; Canon\u00a0EF 35mm f\/2, &#8211; Canon EF 40mm f\/2,8, &#8211; Canon\u00a0EF 50mm f\/1,8, &#8211; Canon\u00a0EF 85mm f\/1,8 USM, &#8211; Canon\u00a0EF 135mm f\/2 L [&hellip;]<\/p>\n","protected":false},"author":1,"featured_media":0,"parent":801,"menu_order":2,"comment_status":"open","ping_status":"open","template":"","meta":{"_mo_disable_npp":"","jetpack_post_was_ever_published":false,"footnotes":""},"class_list":["post-814","page","type-page","status-publish","hentry"],"jetpack_sharing_enabled":true,"jetpack_shortlink":"https:\/\/wp.me\/P3QNY7-d8","jetpack_likes_enabled":true,"jetpack-related-posts":[{"id":778,"url":"https:\/\/vynz100photo.fr\/blog\/about\/notre-equipement-photographique\/","url_meta":{"origin":814,"position":0},"title":"Notre \u00e9quipement photographique","author":"Vincent","date":"6 ao\u00fbt 2013","format":false,"excerpt":"Bien \u00e9videmment, ce n'est pas l'\u00e9quipement photographique qui fait la photo, mais le photographe. Le mat\u00e9riel permet de s'affranchir de certaines limites, de composer diff\u00e9remment et de jouer avec plus de cr\u00e9ativit\u00e9... Les images qui sont sur ce blog sont r\u00e9alis\u00e9es avec les couples bo\u00eetier\/objectif qui suivent. Claire Claire a\u2026","rel":"","context":"Article similaire","block_context":{"text":"Article similaire","link":""},"img":{"alt_text":"20140506-IMG_9417","src":"https:\/\/i0.wp.com\/vynz100photo.fr\/blog\/wp-content\/uploads\/2014\/05\/20140506-IMG_9417-200x300.jpg?resize=350%2C200","width":350,"height":200},"classes":[]},{"id":1903,"url":"https:\/\/vynz100photo.fr\/blog\/photographie\/test-de-materiel\/objectifs\/canon-ef-40mm-f28\/","url_meta":{"origin":814,"position":1},"title":"Canon EF 40mm f\/2,8","author":"Vincent","date":"20 d\u00e9cembre 2013","format":false,"excerpt":"\u00a0 \u00a0 Caract\u00e9ristiques Poids: 130 g \u00a0 Prix:\u00a0150\u20ac environ Le petit nouveau de chez Canon, avec un moteur STM utilisable sur les nouveaux r\u00e9flexs de la marque en vid\u00e9o: il est petit, voire tr\u00e8s petit, discret et efficace. Sur un petit capteur APS-C il sera un \u00e9quivalent 65mm, alors que\u2026","rel":"","context":"Article similaire","block_context":{"text":"Article similaire","link":""},"img":{"alt_text":"D3S_8821-1200","src":"https:\/\/i0.wp.com\/vynz100photo.fr\/blog\/wp-content\/uploads\/2013\/12\/D3S_8821-1200-1024x685.jpg?resize=350%2C200","width":350,"height":200},"classes":[]},{"id":816,"url":"https:\/\/vynz100photo.fr\/blog\/photographie\/test-de-materiel\/objectifs\/canon-ef-50mm-f18\/","url_meta":{"origin":814,"position":2},"title":"Canon EF 50mm f\/1,8","author":"Vincent","date":"7 ao\u00fbt 2013","format":false,"excerpt":"\u00a0 Caract\u00e9ristiques Poids: 130 g Prix: 100\u20ac environ C'est le petit objectif \u00e0 avoir chez Canon, l\u00e9ger, superbe optiquement d\u00e8s que l'on ferme le diaphragme, avec un beau rendu \u00e0 pleine ouverture... Sa focale de 50mm fait de lui un compagnon id\u00e9al au quotidien (sur 24x36) et un tr\u00e8s bon\u2026","rel":"","context":"Avec 1 commentaire","block_context":{"text":"Avec 1 commentaire","link":"https:\/\/vynz100photo.fr\/blog\/photographie\/test-de-materiel\/objectifs\/canon-ef-50mm-f18\/#comments"},"img":{"alt_text":"Canon EF 50mm f\/1,8","src":"https:\/\/i0.wp.com\/vynz100photo.fr\/blog\/wp-content\/uploads\/2013\/08\/50mm.jpg?resize=350%2C200","width":350,"height":200},"classes":[]},{"id":831,"url":"https:\/\/vynz100photo.fr\/blog\/photographie\/test-de-materiel\/objectifs\/canon-ef-85mm-f18-usm\/","url_meta":{"origin":814,"position":3},"title":"Canon EF 85mm f\/1,8 USM","author":"Vincent","date":"7 ao\u00fbt 2013","format":false,"excerpt":"Caract\u00e9ristiques Poids: 425 g \u00a0 Prix:\u00a0350\u20ac environ Un des best-sellers de Canon, dans la s\u00e9rie des focales fixes \u00e0 prix raisonnable. Sa focale de 85mm est id\u00e9ale pour les portraits serr\u00e9es (APS-C) ou de buste (24x36); de plus sa grande ouverture de f.1,8 permet de tr\u00e8s jolis flous d'arri\u00e8re-plan... Construction\u2026","rel":"","context":"Avec 2 commentaires","block_context":{"text":"Avec 2 commentaires","link":"https:\/\/vynz100photo.fr\/blog\/photographie\/test-de-materiel\/objectifs\/canon-ef-85mm-f18-usm\/#comments"},"img":{"alt_text":"Canon EF 85mm f1.8 USM","src":"https:\/\/i0.wp.com\/vynz100photo.fr\/blog\/wp-content\/uploads\/2013\/08\/Canon-EF-85mm-f1.8-USM-01.jpg?resize=350%2C200","width":350,"height":200},"classes":[]},{"id":1027,"url":"https:\/\/vynz100photo.fr\/blog\/photographie\/test-de-materiel\/objectifs\/canon-ef-35mm-f2\/","url_meta":{"origin":814,"position":4},"title":"Canon EF 35mm f\/2","author":"Vincent","date":"31 ao\u00fbt 2013","format":false,"excerpt":"Caract\u00e9ristiques Poids:\u00a0210 g Prix:\u00a0300\u20ac environ Une focale fixe \u00e0 prix contenu, l\u00e9g\u00e8re et avec une belle ouverture de f\/2... \u00a0Sa focale de 35mm en fait un l\u00e9ger grand-angle, utilisable au quotidien comme objectif \u00e0 tout faire. Cette focale est une des pr\u00e9f\u00e9r\u00e9es des photographes de rue, et ce depuis bien\u2026","rel":"","context":"Avec 1 commentaire","block_context":{"text":"Avec 1 commentaire","link":"https:\/\/vynz100photo.fr\/blog\/photographie\/test-de-materiel\/objectifs\/canon-ef-35mm-f2\/#comments"},"img":{"alt_text":"Le vieux Canon 35mm f\/2","src":"https:\/\/i0.wp.com\/vynz100photo.fr\/blog\/wp-content\/uploads\/2013\/08\/35-f2.jpg?resize=350%2C200","width":350,"height":200,"srcset":"https:\/\/i0.wp.com\/vynz100photo.fr\/blog\/wp-content\/uploads\/2013\/08\/35-f2.jpg?resize=350%2C200 1x, https:\/\/i0.wp.com\/vynz100photo.fr\/blog\/wp-content\/uploads\/2013\/08\/35-f2.jpg?resize=525%2C300 1.5x"},"classes":[]},{"id":1024,"url":"https:\/\/vynz100photo.fr\/blog\/photographie\/test-de-materiel\/objectifs\/canon-ef-135mm-f2-l-usm\/","url_meta":{"origin":814,"position":5},"title":"Canon EF 135mm f\/2 L USM","author":"Vincent","date":"18 ao\u00fbt 2013","format":false,"excerpt":"\u00a0 Caract\u00e9ristiques Poids: 750 g Prix: 1100\u20ac environ Une focale fixe de 135mm, soit un t\u00e9l\u00e9objectif, avec une grande ouverture de f\/2, on est bien en pr\u00e9sence d'un caillou d\u00e9di\u00e9 au portrait. Son autofocus de type USM est\u00a0extr\u00eamement v\u00e9loce, ce qui lui permet d'\u00eatre aussi performant en photo sportive; enfin,\u2026","rel":"","context":"Article similaire","block_context":{"text":"Article similaire","link":""},"img":{"alt_text":"canon_135mmf2_usm_733","src":"https:\/\/i0.wp.com\/vynz100photo.fr\/blog\/wp-content\/uploads\/2013\/08\/canon_135mmf2_usm_733.jpg?resize=350%2C200","width":350,"height":200,"srcset":"https:\/\/i0.wp.com\/vynz100photo.fr\/blog\/wp-content\/uploads\/2013\/08\/canon_135mmf2_usm_733.jpg?resize=350%2C200 1x, https:\/\/i0.wp.com\/vynz100photo.fr\/blog\/wp-content\/uploads\/2013\/08\/canon_135mmf2_usm_733.jpg?resize=525%2C300 1.5x"},"classes":[]}],"_links":{"self":[{"href":"https:\/\/vynz100photo.fr\/blog\/wp-json\/wp\/v2\/pages\/814","targetHints":{"allow":["GET"]}}],"collection":[{"href":"https:\/\/vynz100photo.fr\/blog\/wp-json\/wp\/v2\/pages"}],"about":[{"href":"https:\/\/vynz100photo.fr\/blog\/wp-json\/wp\/v2\/types\/page"}],"author":[{"embeddable":true,"href":"https:\/\/vynz100photo.fr\/blog\/wp-json\/wp\/v2\/users\/1"}],"replies":[{"embeddable":true,"href":"https:\/\/vynz100photo.fr\/blog\/wp-json\/wp\/v2\/comments?post=814"}],"version-history":[{"count":0,"href":"https:\/\/vynz100photo.fr\/blog\/wp-json\/wp\/v2\/pages\/814\/revisions"}],"up":[{"embeddable":true,"href":"https:\/\/vynz100photo.fr\/blog\/wp-json\/wp\/v2\/pages\/801"}],"wp:attachment":[{"href":"https:\/\/vynz100photo.fr\/blog\/wp-json\/wp\/v2\/media?parent=814"}],"curies":[{"name":"wp","href":"https:\/\/api.w.org\/{rel}","templated":true}]}}