{"id":1777,"date":"2013-11-19T14:53:43","date_gmt":"2013-11-19T06:53:43","guid":{"rendered":"http:\/\/vynz100photo.fr\/blog\/?page_id=1777"},"modified":"2013-12-02T01:40:08","modified_gmt":"2013-12-01T17:40:08","slug":"armenie-aux-confins-de-leurope","status":"publish","type":"page","link":"https:\/\/vynz100photo.fr\/blog\/voyages\/armenie-aux-confins-de-leurope\/","title":{"rendered":"Arm\u00e9nie, aux confins de l&rsquo;Europe&#8230; et de l&rsquo;Asie!"},"content":{"rendered":"<h1><span style=\"color: #ff6600;\">20 avril 2012 &#8211; 3 mai 2012<\/span><\/h1>\n<blockquote><p>Quelle destination \u00ab\u00a0exotique\u00a0\u00bb? On a d\u00e9j\u00e0 visit\u00e9 l&rsquo;Afrique (Tanzanie), le Liban (Beyrouth et Byblos), Oman (\u00e0 plusieurs reprises), les Emirats, le N\u00e9pal&#8230; du coup, on h\u00e9site entre la Jordanie et&#8230; on ne sait pas trop quoi.<\/p><\/blockquote>\n<p>&nbsp;<\/p>\n<p><a href=\"https:\/\/i0.wp.com\/vynz100photo.fr\/blog\/wp-content\/uploads\/2013\/11\/28042012-IMG_3469.jpg?ssl=1\"><img data-recalc-dims=\"1\" loading=\"lazy\" decoding=\"async\" data-attachment-id=\"1870\" data-permalink=\"https:\/\/vynz100photo.fr\/blog\/voyages\/armenie-aux-confins-de-leurope\/28042012-img_3469\/\" data-orig-file=\"https:\/\/i0.wp.com\/vynz100photo.fr\/blog\/wp-content\/uploads\/2013\/11\/28042012-IMG_3469.jpg?fit=1024%2C683&amp;ssl=1\" data-orig-size=\"1024,683\" data-comments-opened=\"1\" data-image-meta=\"{&quot;aperture&quot;:&quot;2.8&quot;,&quot;credit&quot;:&quot;\\u00a9 Vincent Verger&quot;,&quot;camera&quot;:&quot;Canon EOS 5D Mark II&quot;,&quot;caption&quot;:&quot;&quot;,&quot;created_timestamp&quot;:&quot;1335617249&quot;,&quot;copyright&quot;:&quot;Vincent Verger&quot;,&quot;focal_length&quot;:&quot;21&quot;,&quot;iso&quot;:&quot;100&quot;,&quot;shutter_speed&quot;:&quot;0.001&quot;,&quot;title&quot;:&quot;&quot;}\" data-image-title=\"28042012-IMG_3469\" data-image-description=\"\" data-image-caption=\"\" data-large-file=\"https:\/\/i0.wp.com\/vynz100photo.fr\/blog\/wp-content\/uploads\/2013\/11\/28042012-IMG_3469.jpg?fit=800%2C534&amp;ssl=1\" class=\"aligncenter size-full wp-image-1870\" alt=\"28042012-IMG_3469\" src=\"https:\/\/i0.wp.com\/vynz100photo.fr\/blog\/wp-content\/uploads\/2013\/11\/28042012-IMG_3469.jpg?resize=800%2C534&#038;ssl=1\" width=\"800\" height=\"534\" srcset=\"https:\/\/i0.wp.com\/vynz100photo.fr\/blog\/wp-content\/uploads\/2013\/11\/28042012-IMG_3469.jpg?w=1024&amp;ssl=1 1024w, https:\/\/i0.wp.com\/vynz100photo.fr\/blog\/wp-content\/uploads\/2013\/11\/28042012-IMG_3469.jpg?resize=300%2C200&amp;ssl=1 300w\" sizes=\"auto, (max-width: 800px) 100vw, 800px\" \/><\/a><\/p>\n<p>Un souvenir nous revient en m\u00e9moire: \u00e0 Beyrouth, nous avions test\u00e9 le dernier soir un restaurant arm\u00e9nien o\u00f9 nous nous \u00e9tions particuli\u00e8rement r\u00e9gal\u00e9s&#8230; et pourquoi pas l&rsquo;Arm\u00e9nie? On sera sans doute beaucoup plus tranquilles question touristes que dans les endroits de r\u00eave de la Jordanie&#8230; et c&rsquo;est plus d\u00e9paysant lorsque l&rsquo;on vit au Moyen-Orient!<\/p>\n<p>Par contre, il est tr\u00e8s difficile de trouver des indications touristiques sur ce pays, et encore plus \u00e0 Dubai. On d\u00e9cide donc de se pr\u00e9parer assez grossi\u00e8rement le trajet. Les options suivantes sont retenues, dans un souci d&rsquo;aventures, de libert\u00e9 et de moindre co\u00fbt:<\/p>\n<p style=\"text-align: justify;\">&#8211; location d&rsquo;une voiture \u00e0 Yerevan,<\/p>\n<p style=\"text-align: justify;\">&#8211; tour du pays en voiture (les distances sont raisonnables),<\/p>\n<p style=\"text-align: justify;\">&#8211; nuits pass\u00e9es en h\u00e9bergement chez l&rsquo;habitant, trouv\u00e9es au coup par coup <a href=\"http:\/\/www.armeniainfo.am\/lodging\/?section=bnb\">sur ce site<\/a>,<\/p>\n<p style=\"text-align: justify;\">&#8211; deux nuits d&rsquo;h\u00f4tel dans les beaux sp\u00e9cimens <a href=\"http:\/\/www.tufenkianheritage.com\/\">Tufenkian<\/a> r\u00e9serv\u00e9es d&rsquo;avance pour \u00eatre s\u00fbrs d&rsquo;avoir un minimum de confort \u00e0 un moment du voyage&#8230;<\/p>\n<p style=\"text-align: justify;\">On cale nos dates et les \u00e9tapes \u00e0 faire: Yerevan, Vanadzor, Spitak, Gyumri, Stepanavan, Odzun, Sevan,Martuni, Goris&#8230; on verra la suite au fur et \u00e0 mesure!<\/p>\n<p style=\"text-align: justify;\"><\/p>\n","protected":false},"excerpt":{"rendered":"<p>20 avril 2012 &#8211; 3 mai 2012 Quelle destination \u00ab\u00a0exotique\u00a0\u00bb? On a d\u00e9j\u00e0 visit\u00e9 l&rsquo;Afrique (Tanzanie), le Liban (Beyrouth et Byblos), Oman (\u00e0 plusieurs reprises), les Emirats, le N\u00e9pal&#8230; du coup, on h\u00e9site entre la Jordanie et&#8230; on ne sait pas trop quoi. &nbsp; Un souvenir nous revient en m\u00e9moire: \u00e0 Beyrouth, nous avions test\u00e9 [&hellip;]<\/p>\n","protected":false},"author":1,"featured_media":0,"parent":624,"menu_order":0,"comment_status":"open","ping_status":"open","template":"full-width-page.php","meta":{"_mo_disable_npp":"","jetpack_post_was_ever_published":false,"footnotes":""},"class_list":["post-1777","page","type-page","status-publish","hentry"],"jetpack_sharing_enabled":true,"jetpack_shortlink":"https:\/\/wp.me\/P3QNY7-sF","jetpack_likes_enabled":true,"jetpack-related-posts":[{"id":624,"url":"https:\/\/vynz100photo.fr\/blog\/voyages\/","url_meta":{"origin":1777,"position":0},"title":"Nos voyages","author":"Vincent","date":"3 ao\u00fbt 2013","format":false,"excerpt":"Nous avons fait quelques voyages ces derni\u00e8res ann\u00e9es, peut-\u00eatre que cela peut vous int\u00e9resser... Nous vivons actuellement en Chine, \u00e0 Shanghai... apr\u00e8s avoir visit\u00e9 diff\u00e9rentes villes, comme Beijing, Tongli, Hangzhou, Suzhou, Xiamen, il est temps de vous faire partager quelques aspects de cet immense pays que nous commen\u00e7ons tout juste\u2026","rel":"","context":"Article similaire","block_context":{"text":"Article similaire","link":""},"img":{"alt_text":"","src":"","width":0,"height":0},"classes":[]},{"id":634,"url":"https:\/\/vynz100photo.fr\/blog\/voyages\/chine\/","url_meta":{"origin":1777,"position":1},"title":"Chine","author":"Vincent","date":"3 ao\u00fbt 2013","format":false,"excerpt":"\u00a0 \u00a0 En ao\u00fbt 2012, nous d\u00e9barquons \u00e0 Shanghai... bye-bye Dubai, nous voil\u00e0 dans un autre pays de la d\u00e9mesure.... \u00a0 \u00a0 \u00a0 Une infinit\u00e9 de destinations semblent s'ouvrir \u00e0 nous: - Shanghai et les villes d'eau limitrophes comme Qibao et Nanxiang - Beijing - la province verte de l'Anhui\u2026","rel":"","context":"Article similaire","block_context":{"text":"Article similaire","link":""},"img":{"alt_text":"","src":"https:\/\/i0.wp.com\/vynz100photo.fr\/blog\/wp-content\/uploads\/2012\/10\/02102012-IMG_9516-1024x682.jpg?resize=350%2C200","width":350,"height":200,"srcset":"https:\/\/i0.wp.com\/vynz100photo.fr\/blog\/wp-content\/uploads\/2012\/10\/02102012-IMG_9516-1024x682.jpg?resize=350%2C200 1x, https:\/\/i0.wp.com\/vynz100photo.fr\/blog\/wp-content\/uploads\/2012\/10\/02102012-IMG_9516-1024x682.jpg?resize=525%2C300 1.5x"},"classes":[]},{"id":1359,"url":"https:\/\/vynz100photo.fr\/blog\/voyages\/chine\/en-route-vers-lanhui-29-sept-5-octobre\/la-foret-de-bambous-de-mukeng\/","url_meta":{"origin":1777,"position":2},"title":"La for\u00eat de bambous de Mukeng","author":"Vincent","date":"5 octobre 2013","format":false,"excerpt":"A quelques kilom\u00e8tres de Honcun, apr\u00e8s une route qui serpente entre les montagnes, on arrive \u00e0 un endroit assez diff\u00e9rent: le village de Mukeng. On essaie de fuir les hordes de touristes qui d\u00e9barquent dans ce joli coin de verdure en ce 1er octobre... L\u00e0 se dresse une for\u00eat de\u2026","rel":"","context":"Article similaire","block_context":{"text":"Article similaire","link":""},"img":{"alt_text":"20131001-IMG_4195","src":"https:\/\/i0.wp.com\/vynz100photo.fr\/blog\/wp-content\/uploads\/2013\/10\/20131001-IMG_4195.jpg?resize=350%2C200","width":350,"height":200,"srcset":"https:\/\/i0.wp.com\/vynz100photo.fr\/blog\/wp-content\/uploads\/2013\/10\/20131001-IMG_4195.jpg?resize=350%2C200 1x, https:\/\/i0.wp.com\/vynz100photo.fr\/blog\/wp-content\/uploads\/2013\/10\/20131001-IMG_4195.jpg?resize=525%2C300 1.5x"},"classes":[]},{"id":707,"url":"https:\/\/vynz100photo.fr\/blog\/voyages\/japon-hokkaido\/lac-toya\/","url_meta":{"origin":1777,"position":3},"title":"Sur les rives du lac Toya","author":"Vincent","date":"12 ao\u00fbt 2013","format":false,"excerpt":"12 juillet: Nous quittons donc dans la nuit les alentours du lac Shikotsu... les petites routes sinueuses et quasiment d\u00e9sertes de cette partie de la r\u00e9serve naturelle nous obligent \u00e0 garder l'oeil ouvert... pas question d'une rencontre impromptue avec un sanglier, un daim ou un ours! Heureusement, apr\u00e8s un repas\u2026","rel":"","context":"Article similaire","block_context":{"text":"Article similaire","link":""},"img":{"alt_text":"toya","src":"https:\/\/i0.wp.com\/vynz100photo.fr\/blog\/wp-content\/uploads\/2013\/08\/toya-1024x770.jpg?resize=350%2C200","width":350,"height":200,"srcset":"https:\/\/i0.wp.com\/vynz100photo.fr\/blog\/wp-content\/uploads\/2013\/08\/toya-1024x770.jpg?resize=350%2C200 1x, https:\/\/i0.wp.com\/vynz100photo.fr\/blog\/wp-content\/uploads\/2013\/08\/toya-1024x770.jpg?resize=525%2C300 1.5x, https:\/\/i0.wp.com\/vynz100photo.fr\/blog\/wp-content\/uploads\/2013\/08\/toya-1024x770.jpg?resize=700%2C400 2x"},"classes":[]},{"id":1169,"url":"https:\/\/vynz100photo.fr\/blog\/voyages\/japon-hokkaido\/la-region-du-lac-akan-18-20-juillet\/","url_meta":{"origin":1777,"position":4},"title":"La r\u00e9gion du lac Akan (18-20 juillet)","author":"Vincent","date":"31 ao\u00fbt 2013","format":false,"excerpt":"\u00a0 17 juillet (suite): C'est \u00e0 regret que nous quittons le Daisetsuzan\u00a0que nous n'avons pas assez visit\u00e9... il faut continuer \u00e0 avancer, avec les filles on ne peut pas non plus faire toutes les ascensions de volcans et passer des heures \u00e0 marcher! La route est encore longue depuis le\u2026","rel":"","context":"Article similaire","block_context":{"text":"Article similaire","link":""},"img":{"alt_text":"akan dake","src":"https:\/\/i0.wp.com\/vynz100photo.fr\/blog\/wp-content\/uploads\/2013\/08\/akan-dake-1024x770.jpg?resize=350%2C200","width":350,"height":200,"srcset":"https:\/\/i0.wp.com\/vynz100photo.fr\/blog\/wp-content\/uploads\/2013\/08\/akan-dake-1024x770.jpg?resize=350%2C200 1x, https:\/\/i0.wp.com\/vynz100photo.fr\/blog\/wp-content\/uploads\/2013\/08\/akan-dake-1024x770.jpg?resize=525%2C300 1.5x, https:\/\/i0.wp.com\/vynz100photo.fr\/blog\/wp-content\/uploads\/2013\/08\/akan-dake-1024x770.jpg?resize=700%2C400 2x"},"classes":[]},{"id":941,"url":"https:\/\/vynz100photo.fr\/blog\/voyages\/japon-hokkaido\/pause-a-ashibetsu-15-juillet\/","url_meta":{"origin":1777,"position":5},"title":"Pause \u00e0 Ashibetsu (15 juillet)","author":"Vincent","date":"15 ao\u00fbt 2013","format":false,"excerpt":"Ouf, le camping est parfait: grand, ombrag\u00e9, avec douches et machine \u00e0 laver, des prises \u00e9lectriques pour recharger les batteries des appareils photos, et le meilleur: il est vide d\u00e8s que le week-end se termine... Ce soir-l\u00e0, les filles se font plein de copains: les enfants ont des filets \u00e0\u2026","rel":"","context":"Article similaire","block_context":{"text":"Article similaire","link":""},"img":{"alt_text":"ashibetsu","src":"https:\/\/i0.wp.com\/vynz100photo.fr\/blog\/wp-content\/uploads\/2013\/08\/ashibetsu-1024x770.jpg?resize=350%2C200","width":350,"height":200,"srcset":"https:\/\/i0.wp.com\/vynz100photo.fr\/blog\/wp-content\/uploads\/2013\/08\/ashibetsu-1024x770.jpg?resize=350%2C200 1x, https:\/\/i0.wp.com\/vynz100photo.fr\/blog\/wp-content\/uploads\/2013\/08\/ashibetsu-1024x770.jpg?resize=525%2C300 1.5x, https:\/\/i0.wp.com\/vynz100photo.fr\/blog\/wp-content\/uploads\/2013\/08\/ashibetsu-1024x770.jpg?resize=700%2C400 2x"},"classes":[]}],"_links":{"self":[{"href":"https:\/\/vynz100photo.fr\/blog\/wp-json\/wp\/v2\/pages\/1777","targetHints":{"allow":["GET"]}}],"collection":[{"href":"https:\/\/vynz100photo.fr\/blog\/wp-json\/wp\/v2\/pages"}],"about":[{"href":"https:\/\/vynz100photo.fr\/blog\/wp-json\/wp\/v2\/types\/page"}],"author":[{"embeddable":true,"href":"https:\/\/vynz100photo.fr\/blog\/wp-json\/wp\/v2\/users\/1"}],"replies":[{"embeddable":true,"href":"https:\/\/vynz100photo.fr\/blog\/wp-json\/wp\/v2\/comments?post=1777"}],"version-history":[{"count":0,"href":"https:\/\/vynz100photo.fr\/blog\/wp-json\/wp\/v2\/pages\/1777\/revisions"}],"up":[{"embeddable":true,"href":"https:\/\/vynz100photo.fr\/blog\/wp-json\/wp\/v2\/pages\/624"}],"wp:attachment":[{"href":"https:\/\/vynz100photo.fr\/blog\/wp-json\/wp\/v2\/media?parent=1777"}],"curies":[{"name":"wp","href":"https:\/\/api.w.org\/{rel}","templated":true}]}}